 is 1231 + -31?
1200
In base 6, what is 1233 + -3?
1230
In base 5, what is 2 - 1032?
-1030
In base 13, what is 5 + -16?
-11
In base 13, what is 88 - c?
79
In base 4, what is -22011 - -1?
-22010
In base 15, what is 8a + 1c?
a7
In base 16, what is -1ed - a?
-1f7
In base 13, what is -50 + 57?
7
In base 16, what is 3b2 - -1?
3b3
In base 3, what is -1011 - 20?
-1101
In base 8, what is 3 + 70?
73
In base 3, what is 110 - 222110?
-222000
In base 5, what is -3 - 21004?
-21012
In base 16, what is 1a + 7?
21
In base 2, what is -1110001111 + 11?
-1110001100
In base 9, what is 1503 - -7?
1511
In base 12, what is 292 + -2?
290
In base 12, what is 4 - -1a83?
1a87
In base 12, what is -5 + 14?
b
In base 13, what is 5 - 1376?
-1371
In base 12, what is 1124 + -5?
111b
In base 16, what is -4 + 2c?
28
In base 10, what is -12650 + 0?
-12650
In base 15, what is -276 - -5?
-271
In base 13, what is -6 - 97?
-a0
In base 3, what is 101 + 10122?
11000
In base 10, what is -2 + -83?
-85
In base 5, what is 4 + 141?
200
In base 15, what is 2 + -10be?
-10bc
In base 12, what is 3 + 7ba?
801
In base 4, what is -20 - -23111?
23031
In base 13, what is -27 + 4?
-23
In base 4, what is -211 - -1?
-210
In base 11, what is 7 - -1?
8
In base 10, what is -9410 - -4?
-9406
In base 8, what is 4 - -200?
204
In base 11, what is -6 - 255a?
-2565
In base 15, what is -a8c - -3?
-a89
In base 7, what is 234 + 34?
301
In base 2, what is -111111 - 11010?
-1011001
In base 9, what is 4 + 41?
45
In base 9, what is -1463 - 0?
-1463
In base 8, what is -11 + 45?
34
In base 8, what is 57 - -1?
60
In base 16, what is -1 + -48?
-49
In base 4, what is -10 + 30?
20
In base 13, what is -2 - -93?
91
In base 13, what is 14 + 42?
56
In base 4, what is 122 - 100112?
-33330
In base 9, what is 12 - -8?
21
In base 8, what is -3125 - 3?
-3130
In base 9, what is -1 + 204?
203
In base 3, what is -1 + 21211022?
21211021
In base 9, what is 5 + 1318?
1324
In base 7, what is -5 + -260?
-265
In base 14, what is 3a - -5?
41
In base 8, what is 0 - 6674?
-6674
In base 2, what is -100110 + 110?
-100000
In base 11, what is -11 - -152?
141
In base 4, what is -103130 + 3?
-103121
In base 16, what is 4 + 22?
26
In base 12, what is -a - 9?
-17
In base 11, what is -1 - 22?
-23
In base 16, what is -7 - -2d?
26
In base 8, what is 40 + 35?
75
In base 3, what is -22202101 - 1?
-22202102
In base 6, what is -4 - 124?
-132
In base 14, what is 1 - -d?
10
In base 13, what is 1 - -1cc7?
1cc8
In base 11, what is 1 - -56?
57
In base 6, what is -11 + 31?
20
In base 5, what is 23 + -422?
-344
In base 8, what is 1 + 503?
504
In base 6, what is 540 + 5?
545
In base 6, what is 4144 + -2?
4142
In base 5, what is 421 + 31?
1002
In base 13, what is 6 + -51?
-48
In base 10, what is 141 - -3?
144
In base 3, what is 10111 + 210?
11021
In base 16, what is -5 - 3c?
-41
In base 14, what is -1b2 - 0?
-1b2
In base 7, what is -21 + 6?
-12
In base 5, what is 10 + -4?
1
In base 6, what is -100 - -20?
-40
In base 10, what is -86 - -5?
-81
In base 4, what is 3311 - 31?
3220
In base 12, what is -2 + -95?
-97
In base 3, what is -12 + -2010101?
-2010120
In base 2, what is -11011 + -110000?
-1001011
In base 16, what is -5 + 9?
4
In base 14, what is b - 10?
-3
In base 3, what is 2 - -22212?
22221
In base 16, what is 4 + -d86?
-d82
In base 13, what is -1b - 18?
-36
In base 12, what is -3978 + 2?
-3976
In base 12, what is -235 - -44?
-1b1
In base 5, what is -111400 + 20?
-111330
In base 13, what is -3 - -16?
13
In base 3, what is -11 + -201?
-212
In base 15, what is -1693 + -1?
-1694
In base 12, what is -20 - 1?
-21
In base 12, what is -22 + -11?
-33
In base 13, what is 406 - 2?
404
In base 2, what is 1 - 10110110101?
-10110110100
In base 3, what is 2 + -2100?
-2021
In base 7, what is 5543 - -2?
5545
In base 9, what is -587 + -15?
-613
In base 11, what is -79 - 1?
-7a
In base 16, what is 3 + 37?
3a
In base 9, what is -2 + -6?
-8
In base 11, what is -1 - 1a4?
-1a5
In base 13, what is -59 - -c?
-4a
In base 11, what is 6 - -1165?
1170
In base 7, what is 6 - -46?
55
In base 4, what is 120121 + 10?
120131
In base 3, what is -10102 - 11?
-10120
In base 2, what is 10111 - -101111?
1000110
In base 14, what is -3c6 + 1?
-3c5
In base 16, what is 43b + 6?
441
In base 3, what is -2 + 10021?
10012
In base 11, what is -5a + 2?
-58
In base 11, what is -853 + 5?
-849
In base 2, what is 11000001110 + 101?
11000010011
In base 4, what is -133 + 111?
-22
In base 14, what is -245 - 2?
-247
In base 16, what is -2 + f?
d
In base 14, what is -2 - c6?
-c8
In base 16, what is 537 + -5?
532
In base 4, what is 1123030 + -11?
1123013
In base 15, what is -11 + -2c2?
-2d3
In base 10, what is -3 - -428?
425
In base 6, what is 23104 + -2?
23102
In base 6, what is -1043 - 11?
-1054
In base 13, what is -2 + -270?
-272
In base 16, what is 7 - -233?
23a
In base 3, what is 12 - -11?
100
In base 2, what is 11 - 10011?
-10000
In base 8, what is 5 - 164?
-157
In base 6, what is -10 + 42451?
42441
In base 6, what is -3 - -1410?
1403
In base 4, what is 21003 - 0?
21003
In base 13, what is 240 - 3?
23a
In base 16, what is -1 - 184f?
-1850
In base 12, what is 4 + -851?
-849
In base 14, what is 230 - 6?
228
In base 6, what is -5 + 111?
102
In base 13, what is -47 - -53?
9
In base 9, what is -1 + 403?
402
In base 15, what is a2 + a?
ac
In base 15, what is -11 - 4?
-15
In base 14, what is -4 + -8b9?
-8bd
In base 6, what is -2 + 1440?
1434
In base 11, what is -8 - -1753?
1746
In base 13, what is 9a21 + -4?
9a1a
In base 3, what is 2000 + -1?
1222
In base 16, what is -5 + -296?
-29b
In base 13, what is -b + 11?
3
In base 9, what is 4 + 615?
620
In base 6, what is 2555 - -3?
3002
In base 15, what is 3b6 + -6?
3b0
In base 11, what is 4 + -31?
-28
In base 12, what is -1 + -635?
-636
In base 15, what is -6 - -dd?
d7
In base 4, what is 2013 + 1?
2020
In base 16, what is -1e - 3?
-21
In base 6, what is 10 - 2545?
-2535
In base 6, what is -5 + -424?
-433
In base 10, what is 7 - 4?
3
In base 15, what is -25ee + 2?
-25ec
In base 15, what is -3 - -68?
65
In base 16, what is -4c1 + 7?
-4ba
In base 13, what is 0 + bc?
bc
In base 16, what is -4 - -d9b?
d97
In base 8, what is -5 + 33?
26
In base 12, what is -2 - -403?
401
In base 6, what is -4 + -22011?
-22015
In base 16, what is -384 - 6?
-38a
In base 12, what is -6 + 57?
51
In base 5, what is 10 - 2202?
-2142
In base 14, what is dad + -2?
dab
In base 9, what is -13 - -50?
36
In base 6, what is -203 - -23?
-140
In base 13, what is 28 + 12?
3a
In base 11, what is -2 + 7?
5
In base 3, what is -21001 - 12?
-21020
In base 12, what is -5 - 1?
-6
In base 10, what is 5 + -55?
-50
In base 4, what is -3 + 1010?
1001
In base 5, what is -1 + -202101?
-202102
In base 6, what is -1 + 134?
133
In base 3, what is 12 - 21222?
-21210
In base 8, what is -1 - 62?
-63
In base 14, what is -124c + 4?
-1248
In base 13, what is -5 + 19a2?
199a
In base 13, what is -161 - -2?
-15c
In base 9, what is 0 + -1164?
-1164
In base 10, what is -3 - 8491?
-8494
In base 7, what is 6325 - 1?
6324
In base 5, what is -4 - -10?
1
In base 14, what is -4 - -526?
522
In base 14, what is a - 3?
7
In base 7, what is 2 - 102?
-100
In base 13, what is -1 + 15?
14
In base 3, what is -10 + -1010?
-1020
In base 5, what is 32 - 22?
10
In base 7, what is -3 + 16040?
16034
In base 16, what is 1 - -63d?
63e
In base 12, what is -5 - 14?
-19
In base 10, what is -3 + 564?
561
In base 2, what is -10100 - -10?
-10010
In base 10, what is -21 + 15?
-6
In base 11, what is 312 + 4?
316
In base 8, what is -163 - 3?
-166
In base 7, what is 1220 - 2?
1215
In base 15, what is 5 - 7?
-2
In base 7, what is -1126 + -4?
-1133
In base 2, what is 1001111 + -10100?
111011
In base 5, what is -103 + -1010?
-1113
In base 16, what is b + 71?
7c
In base 13, what is 1 - -29?
2a
In base 13, what is 617 + -6?
611
In base 16, what is 7 + -22?
-1b
In base 3, what is 1112 + -1001?
111
In base 10, what is 6354 + 3?
6357
In base 11, what is -4 - -1556?
1552
In base 13, what is -330 + 5?
-328
In base 9, what is 262 - 53?
208
In base 15, what is -15 - -1?
-14
In base 10, what is -831 - 5?
-836
In base 10, what is 3247 + 2?
3249
In base 6, what is 1 - -1?
2
In base 3, what is 100211 + -12?
100122
In base 15, what is -55 + 0?
-55
In base 6, what is 112 + -10?
102
In ba